{"id":218,"date":"2021-10-21T16:11:08","date_gmt":"2021-10-21T19:11:08","guid":{"rendered":"https:\/\/ceepu.com.br\/portal\/?page_id=218"},"modified":"2022-02-04T19:14:38","modified_gmt":"2022-02-04T22:14:38","slug":"biblioteca","status":"publish","type":"page","link":"https:\/\/ceepu.com.br\/portal\/biblioteca\/","title":{"rendered":"Biblioteca"},"content":{"rendered":"\t\t<div data-elementor-type=\"wp-page\" data-elementor-id=\"218\" class=\"elementor elementor-218\" data-elementor-post-type=\"page\">\n\t\t\t\t\t\t<section class=\"elementor-section elementor-top-section elementor-element elementor-element-da48324 elementor-section-boxed elementor-section-height-default elementor-section-height-default\" data-id=\"da48324\" data-element_type=\"section\">\n\t\t\t\t\t\t<div class=\"elementor-container elementor-column-gap-default\">\n\t\t\t\t\t<div class=\"elementor-column elementor-col-100 elementor-top-column elementor-element elementor-element-bdcb1d7\" data-id=\"bdcb1d7\" data-element_type=\"column\">\n\t\t\t<div class=\"elementor-widget-wrap elementor-element-populated\">\n\t\t\t\t\t\t<div class=\"elementor-element elementor-element-fc724d3 elementor-widget elementor-widget-text-editor\" data-id=\"fc724d3\" data-element_type=\"widget\" data-widget_type=\"text-editor.default\">\n\t\t\t\t<div class=\"elementor-widget-container\">\n\t\t\t\t\t\t\t\t\t<p>A Biblioteca do Centro de Estudos e Eventos Psicanal\u00edticos de Uberl\u00e2ndia (CEEPU) possui um acervo de cerca de 1.500 t\u00edtulos incluindo livros, anais, teses, peri\u00f3dicos, separatas, dvds, arquivos com a hist\u00f3ria da institui\u00e7\u00e3o e da psican\u00e1lise na cidade, sendo refer\u00eancia para pesquisa em psican\u00e1lise e assuntos correlatos para as pessoas da cidade e regi\u00e3o.<\/p><p>Hor\u00e1rio de funcionamento<\/p><p>Membros: segunda \u00e0 sexta-feira 13h30 \u00e0s 19h<\/p><p>Usu\u00e1rios externos: Hor\u00e1rios previamente agendados na secretaria. Consulta no local.\u00a0<\/p><p>Empr\u00e9stimo de obras: exclusivo aos membros do CEEPU. Cada membro pode retirar para empr\u00e9stimo at\u00e9 duas obras por um per\u00edodo de sete dias. Ap\u00f3s esse prazo as obras dever\u00e3o ser devolvidas ou renovado o empr\u00e9stimo. Sujeito a multa.\u00a0<\/p><p>Projeto PROSEAR: discuss\u00f5es de livros de literatura, no formato de clube de leitura. Aberto para comunidade.<\/p><p>Links \u00fateis para pesquisa:<\/p><p><a href=\"http:\/\/pepsic.bvsalud.org\/\" target=\"_blank\" rel=\"noopener\">http:\/\/pepsic.bvsalud.org\/<\/a><\/p><p>T\u00edtulos do acervo da biblioteca do CEEPU<\/p>\t\t\t\t\t\t\t\t<\/div>\n\t\t\t\t<\/div>\n\t\t\t\t\t<\/div>\n\t\t<\/div>\n\t\t\t\t\t<\/div>\n\t\t<\/section>\n\t\t\t\t<section class=\"elementor-section elementor-top-section elementor-element elementor-element-9ca3ac0 elementor-section-boxed elementor-section-height-default elementor-section-height-default\" data-id=\"9ca3ac0\" data-element_type=\"section\">\n\t\t\t\t\t\t<div class=\"elementor-container elementor-column-gap-default\">\n\t\t\t\t\t<div class=\"elementor-column elementor-col-100 elementor-top-column elementor-element elementor-element-4935a06\" data-id=\"4935a06\" data-element_type=\"column\">\n\t\t\t<div class=\"elementor-widget-wrap elementor-element-populated\">\n\t\t\t\t\t\t<div class=\"elementor-element elementor-element-b49df2c elementor-widget elementor-widget-shortcode\" data-id=\"b49df2c\" data-element_type=\"widget\" data-widget_type=\"shortcode.default\">\n\t\t\t\t<div class=\"elementor-widget-container\">\n\t\t\t\t\t\t\t<div class=\"elementor-shortcode\"><div id=\"footable_parent_1409\"\n         class=\" footable_parent ninja_table_wrapper loading_ninja_table wp_table_data_press_parent semantic_ui \">\n                <table data-ninja_table_instance=\"ninja_table_instance_0\" data-footable_id=\"1409\" data-filter-delay=\"1000\" aria-label=\"pub[1]\"            id=\"footable_1409\"\n           data-unique_identifier=\"ninja_table_unique_id_1574866560_1409\"\n           class=\" foo-table ninja_footable foo_table_1409 ninja_table_unique_id_1574866560_1409 ui table  nt_type_ajax_table selectable striped vertical_centered  footable-paging-right\">\n                <colgroup>\n                            <col class=\"ninja_column_0 \">\n                            <col class=\"ninja_column_1 \">\n                            <col class=\"ninja_column_2 \">\n                    <\/colgroup>\n            <\/table>\n                    <style type=\"text\/css\" id='ninja_table_custom_css_1409'>\n                        #footable_1409  {\n    font-family: ;\n    font-size: px;\n    }\n\n    \n    #footable_1409.ninja_stacked_table > tbody, #footable_1409.ninja_stacked_table {\n    background: transparent !important;\n    }\n        \n                        <\/style>\n                \n    \n    \n<\/div>\n<\/div>\n\t\t\t\t\t\t<\/div>\n\t\t\t\t<\/div>\n\t\t\t\t\t<\/div>\n\t\t<\/div>\n\t\t\t\t\t<\/div>\n\t\t<\/section>\n\t\t\t\t<\/div>\n\t\t","protected":false},"excerpt":{"rendered":"<p>A Biblioteca do Centro de Estudos e Eventos Psicanal\u00edticos de Uberl\u00e2ndia (CEEPU) possui um acervo de cerca de 1.500 t\u00edtulos incluindo livros, anais, teses, peri\u00f3dicos, separatas, dvds, arquivos com a hist\u00f3ria da institui\u00e7\u00e3o e da psican\u00e1lise na cidade, sendo refer\u00eancia para pesquisa em psican\u00e1lise e assuntos correlatos para as pessoas da cidade e regi\u00e3o. Hor\u00e1rio &#8230; <a title=\"Biblioteca\" class=\"read-more\" href=\"https:\/\/ceepu.com.br\/portal\/biblioteca\/\" aria-label=\"More on Biblioteca\">Ler mais<\/a><\/p>\n","protected":false},"author":1,"featured_media":0,"parent":0,"menu_order":0,"comment_status":"closed","ping_status":"closed","template":"","meta":{"footnotes":""},"class_list":["post-218","page","type-page","status-publish"],"_links":{"self":[{"href":"https:\/\/ceepu.com.br\/portal\/wp-json\/wp\/v2\/pages\/218","targetHints":{"allow":["GET"]}}],"collection":[{"href":"https:\/\/ceepu.com.br\/portal\/wp-json\/wp\/v2\/pages"}],"about":[{"href":"https:\/\/ceepu.com.br\/portal\/wp-json\/wp\/v2\/types\/page"}],"author":[{"embeddable":true,"href":"https:\/\/ceepu.com.br\/portal\/wp-json\/wp\/v2\/users\/1"}],"replies":[{"embeddable":true,"href":"https:\/\/ceepu.com.br\/portal\/wp-json\/wp\/v2\/comments?post=218"}],"version-history":[{"count":26,"href":"https:\/\/ceepu.com.br\/portal\/wp-json\/wp\/v2\/pages\/218\/revisions"}],"predecessor-version":[{"id":1686,"href":"https:\/\/ceepu.com.br\/portal\/wp-json\/wp\/v2\/pages\/218\/revisions\/1686"}],"wp:attachment":[{"href":"https:\/\/ceepu.com.br\/portal\/wp-json\/wp\/v2\/media?parent=218"}],"curies":[{"name":"wp","href":"https:\/\/api.w.org\/{rel}","templated":true}]}}