{"id":216,"date":"2021-10-21T16:10:38","date_gmt":"2021-10-21T19:10:38","guid":{"rendered":"https:\/\/ceepu.com.br\/portal\/?page_id=216"},"modified":"2021-12-15T09:52:07","modified_gmt":"2021-12-15T12:52:07","slug":"eventos","status":"publish","type":"page","link":"https:\/\/ceepu.com.br\/portal\/eventos\/","title":{"rendered":"Eventos"},"content":{"rendered":"\t\t<div data-elementor-type=\"wp-page\" data-elementor-id=\"216\" class=\"elementor elementor-216\" data-elementor-post-type=\"page\">\n\t\t\t\t\t\t<section class=\"elementor-section elementor-top-section elementor-element elementor-element-089d95f elementor-section-boxed elementor-section-height-default elementor-section-height-default\" data-id=\"089d95f\" data-element_type=\"section\">\n\t\t\t\t\t\t<div class=\"elementor-container elementor-column-gap-default\">\n\t\t\t\t\t<div class=\"elementor-column elementor-col-100 elementor-top-column elementor-element elementor-element-c681af8\" data-id=\"c681af8\" data-element_type=\"column\">\n\t\t\t<div class=\"elementor-widget-wrap elementor-element-populated\">\n\t\t\t\t\t\t<div class=\"elementor-element elementor-element-c503b81 elementor-widget elementor-widget-text-editor\" data-id=\"c503b81\" data-element_type=\"widget\" data-widget_type=\"text-editor.default\">\n\t\t\t\t<div class=\"elementor-widget-container\">\n\t\t\t\t\t\t\t\t\t<p>Os eventos t\u00eam como objetivo promover a interlocu\u00e7\u00e3o entre a psican\u00e1lise e a comunidade cient\u00edfica e comunidade em geral. Para isso foram criadas algumas modalidades:<\/p><p><strong>Quarta Cient\u00edfica:<\/strong><\/p><p>Apresenta\u00e7\u00e3o de artigos cient\u00edficos, disserta\u00e7\u00f5es, teses e demais publica\u00e7\u00f5es similares produzidas por membros do CEEPU.<\/p><p><strong>CEEPU Portas Abertas:<\/strong><\/p><p>Apresenta\u00e7\u00e3o de trabalhos de membros do CEEPU e\/ou convidados com temas de interesse para comunidade em geral.\u00a0\u00a0<\/p><p><strong>Cinean\u00e1lise<\/strong><\/p><p>Discuss\u00e3o de filmes sob a \u00f3tica psicanal\u00edtica realizadas por membros do CEEPU e\/ou convidados. Aberto a comunidade em geral.<\/p><p><strong>Jornada Psicanal\u00edtica<\/strong><\/p><p>Apresenta\u00e7\u00e3o e discuss\u00e3o de temas psicanal\u00edticos que contemplam a cl\u00ednica e a sociedade em formato de mesas redondas, semin\u00e1rios te\u00f3ricos e semin\u00e1rios cl\u00ednicos. A Jornada acontece bienalmente e \u00e9 composta por psicanalistas convidados.\u00a0<\/p>\t\t\t\t\t\t\t\t<\/div>\n\t\t\t\t<\/div>\n\t\t\t\t\t<\/div>\n\t\t<\/div>\n\t\t\t\t\t<\/div>\n\t\t<\/section>\n\t\t\t\t<\/div>\n\t\t","protected":false},"excerpt":{"rendered":"<p>Os eventos t\u00eam como objetivo promover a interlocu\u00e7\u00e3o entre a psican\u00e1lise e a comunidade cient\u00edfica e comunidade em geral. Para isso foram criadas algumas modalidades: Quarta Cient\u00edfica: Apresenta\u00e7\u00e3o de artigos cient\u00edficos, disserta\u00e7\u00f5es, teses e demais publica\u00e7\u00f5es similares produzidas por membros do CEEPU. CEEPU Portas Abertas: Apresenta\u00e7\u00e3o de trabalhos de membros do CEEPU e\/ou convidados com &#8230; <a title=\"Eventos\" class=\"read-more\" href=\"https:\/\/ceepu.com.br\/portal\/eventos\/\" aria-label=\"More on Eventos\">Ler mais<\/a><\/p>\n","protected":false},"author":1,"featured_media":0,"parent":0,"menu_order":0,"comment_status":"closed","ping_status":"closed","template":"","meta":{"footnotes":""},"class_list":["post-216","page","type-page","status-publish"],"_links":{"self":[{"href":"https:\/\/ceepu.com.br\/portal\/wp-json\/wp\/v2\/pages\/216","targetHints":{"allow":["GET"]}}],"collection":[{"href":"https:\/\/ceepu.com.br\/portal\/wp-json\/wp\/v2\/pages"}],"about":[{"href":"https:\/\/ceepu.com.br\/portal\/wp-json\/wp\/v2\/types\/page"}],"author":[{"embeddable":true,"href":"https:\/\/ceepu.com.br\/portal\/wp-json\/wp\/v2\/users\/1"}],"replies":[{"embeddable":true,"href":"https:\/\/ceepu.com.br\/portal\/wp-json\/wp\/v2\/comments?post=216"}],"version-history":[{"count":11,"href":"https:\/\/ceepu.com.br\/portal\/wp-json\/wp\/v2\/pages\/216\/revisions"}],"predecessor-version":[{"id":1271,"href":"https:\/\/ceepu.com.br\/portal\/wp-json\/wp\/v2\/pages\/216\/revisions\/1271"}],"wp:attachment":[{"href":"https:\/\/ceepu.com.br\/portal\/wp-json\/wp\/v2\/media?parent=216"}],"curies":[{"name":"wp","href":"https:\/\/api.w.org\/{rel}","templated":true}]}}